t z be a(26). Give k(z).
-5
Let d(n) = -3*n. Let s be d(-1). Suppose -35 = 2*k + 5*z - 3, -5*k - 18 = -s*z. Let w(m) = -10*m - 3 - m**2 + 2 + 4 + 4*m. Give w(k).
3
Let d(h) be the second derivative of h**5/60 - h**4/6 - h**3 + 25*h**2/2 + 20*h. Let y(t) be the first derivative of d(t). Give y(5).
-1
Let c(f) = 54*f + 48*f + 56*f + 51*f - 205*f - 23. Give c(4).
-7
Let f(y) be the second derivative of y**5/20 + y**4/12 - y**3/2 + y**2/2 + 2*y. Suppose 0 - 12 = -4*p - t, -2*p - 3*t + 16 = 0. Give f(p).
7
Let q(a) = a**3 + 4*a**2 + a - 4. Let f be 2/3*(14 - 6/3). Suppose 3*r = -f*r - 33. Calculate q(r).
2
Let p(d) = 10*d + 3. Let y be -2 + (2 + -1)*3/(-3). Give p(y).
-27
Let k be (-202)/(-17) - (-8)/68. Let b(q) = -q**3 - k*q**2 - 6*q - 7 - 15*q**2 + 21*q**2. What is b(-5)?
-2
Let v(m) = -3*m**2 - 172*m - 56. Let y be v(-57). Let b(p) = -5*p. Calculate b(y).
-5
Let o(z) be the first derivative of -z**4/24 + z**2 + 1. Let c(k) be the second derivative of o(k). Let h(q) = 3*q**2 + 6*q - 3. Let s be h(1). What is c(s)?
-6
Let d(k) be the first derivative of k**3/3 - 4*k**2 + 9*k + 139. Calculate d(6).
-3
Let o(z) = 5*z**3. Let r be o(-1). Let u(b) = b. Let s be (-2)/(-11) + 26/(-22). Let p(i) = 6*i + 6. Let a(v) = s*p(v) + 4*u(v). Calculate a(r).
4
Let h(o) be the third derivative of -o**6/120 - o**5/12 - o**4/6 - o**3/6 - o**2. Let c be 1 - (1 - -5 - 116). Let m = -115 + c. Determine h(m).
-1
Let m(c) = -c + 21 - 22 - 10 - 2. Give m(-6).
-7
Let y(a) = -a**2 + 1 + 2*a**2 + 0*a - 8*a + 5. Let l(z) = 2*z - 6. Let b be l(4). Suppose w + 5*m - 31 = 0, w + 2 = 2*m - b. What is y(w)?
-6
Let y = 36 - 43. Let g(x) = x**3 + 8*x**2 + 7*x - 8. Calculate g(y).
-8
Let o(w) = -3*w**2 + w. Let p be o(1). Let i = 2 + -4. Let r(m) = -1. Let n(b) = b + 2. Let s(u) = i*n(u) - 3*r(u). Determine s(p).
3
Let l(s) = -5*s - 6*s + 1 + 4*s. Give l(4).
-27
Let m = 258 + -270. Let l(f) = f**3 + 13*f**2 + 13*f + 2. Give l(m).
-10
Let a be 4/6 + 64/12. Let t(x) = 0 + 3*x + 8 + 4*x + 0*x**2 - x**2. What is t(a)?
14
Let y(s) = 3*s**3 + s**2 - 3. Let b(k) = 5*k**3 + 2*k**2 - 7. Let p(d) = -2*b(d) + 5*y(d). Give p(-1).
-5
Suppose 62 = 4*b - 2*d, -6*b = -4*b + 4*d - 56. Let i(l) = -4*l**2 - b + 9 + l**3 - 5*l**2 + 8*l. What is i(8)?
-9
Suppose 344 - 899 = 5*k - 2*v, -k - 3*v - 111 = 0. Let t = 106 + k. Let d(l) = -l**3 - 4*l**2 + 3*l - 1. Calculate d(t).
9
Let u(h) = -h**2 - 4*h + 73. Let v be u(7). Let t(f) = f + 15. Give t(v).
11
Let n = -114 - -116. Suppose 0 = p + n - 7. Let s(q) = -q - 2. Calculate s(p).
-7
Let k(m) = m**2 - 14*m - 31. Let t be k(16). Let d(v) = 8*v**2 - 2*v + 1. What is d(t)?
7
Let z(i) = -2*i + 2 - 2*i - 2*i + 7*i. Let v be z(0). Suppose 4*s = f - 3*f + v, -18 = -s + 3*f. Let n(d) = -d**2 + 2*d + 3. Give n(s).
0
Let d(q) = -q**2 - 7*q + 10. Let u be d(-8). Let p(c) = 3*c - 20*c**u + 1 + 45*c**2 - 26*c**2. What is p(4)?
-3
Let i(g) = g**2 + 4*g + 1. Let t = 3 + 6. Suppose k = -2*k - t. Give i(k).
-2
Let m(b) be the first derivative of 0*b + 0*b**3 - 15 + 1/2*b**2 - 2*b**4. Calculate m(-1).
7
Let i(p) be the first derivative of -5*p**3/3 + p**2 + 2*p + 2. What is i(-1)?
-5
Let y be (1 - (2 - 1))/2. Let d(k) = -3*k + 2*k + y*k - 3 + 0*k. Calculate d(-2).
-1
Let y = 22 + -19. Let n(p) = -3 + 2*p - 5*p + p**y - 3*p + 6*p**2 + 5. Calculate n(-7).
-5
Let l(n) = n**3 - 6*n**2 - 2*n + 12. Let m be l(6). Let u(f) = -4*f - 7. Give u(m).
-7
Let b(a) be the second derivative of 1/2*a**2 - 1/6*a**3 + 0 + 26*a - 1/12*a**4 - 3/4*a**5. Determine b(1).
-16
Let m(d) = 13*d**2 - d + 1. Let t(s) = s**3 + 2*s**2 - 14*s - 22. Let g be t(-4). Calculate m(g).
51
Let b(k) = -7*k**2 + 11*k + 9. Let u(s) = 8*s**2 - 12*s - 10. Let i(t) = 7*b(t) + 6*u(t). Let p be 1 + -11 - (4 - (1 - 1)). Let m = 20 + p. Give i(m).
-3
Suppose 18 = -7*y + 25*y. Let o(r) = -5*r + 1. Determine o(y).
-4
Let l(p) = 18*p**2 - 10*p + 9. Let d(a) = a**2 - 3*a + 2. Let j(x) = -4*d(x) + l(x). Determine j(2).
61
Let a(n) = n**3 - 11*n**2 + 2*n - 26. Let m be a(11). Let l(s) = s**3 + 5*s**2 + 2*s - 7. What is l(m)?
1
Let z(t) = t**2 - t + 1. Let c = -19 - -24. Suppose 4*k + 1 = d, -1 = -2*d + 2*k - c. What is z(d)?
13
Let j(h) = -h**3 + 36*h - 15*h + 3*h**2 - 21*h. Let f be 6/15 - -1 - 3/(-5). Calculate j(f).
4
Suppose 56 - 74 = 2*u. Let a(n) = n**2 + 9*n - 2. Determine a(u).
-2
Let y(i) = -2*i**3 + i**2 + 2*i - 3. Let x be (-1)/(-2) + (-9)/(-2). Suppose x = 2*k - 1. Let s be ((-4)/6)/((-1)/k). Determine y(s).
-11
Suppose -w + u = -4*w + 15, -5*w = 2*u - 25. Let c(b) = b + 2. Let l be c(5). Let t(h) = -7 + 2*h**2 + l*h - 8*h**2 + h**3 - h. Determine t(w).
-2
Let j(t) be the second derivative of t**4/12 - 4*t**3/3 + t**2/2 + 11*t. Let r(q) be the first derivative of j(q). Give r(8).
8
Let t(q) = 3*q + 32. Let m be t(-6). Suppose -m*s + 15 = -83. Let j(b) = -b**2 + 6*b - 5. Calculate j(s).
-12
Let q(t) = 4*t. Let n = -57 - -59. Suppose -5*x - 2*d = -9, 6 = -0*x + 4*x + n*d. Determine q(x).
12
Suppose -4*d - 4*i = 40, 0 = -2*d - 4*i - 22 - 6. Let l = -3 - d. Suppose c - 2 = 0, c - 4 = l*h - c. Let a(j) = -j - 11. Determine a(h).
-11
Suppose -8 = 2*m - m. Let y(h) = -8*h**2 - 30*h - 10. Let n(b) = -b**2 - 3*b - 1. Let q(o) = -7*n(o) + y(o). Determine q(m).
5
Suppose -6*q + 2*q = 4. Let u(w) be the second derivative of 5*w**3/3 + 2*w - 176. What is u(q)?
-10
Let h(k) = k. Let u(p) = -4*p - 2. Let j(n) = -7*h(n) - 2*u(n). What is j(-3)?
1
Let q(p) = -p**3 - 4*p**2 + 8*p + 5. Suppose -2*y + 6*d = 2*d + 26, -y = -4*d + 21. Give q(y).
-10
Let s(k) = 11*k - 88. Let q be s(8). Let d(g) be the third derivative of q + 1/60*g**5 + 0*g - 5/24*g**4 + 2*g**2 - 1/6*g**3. Determine d(4).
-5
Let z(l) = -l**3 - 4*l**2 + l + 9. Let c be z(-4). Let x(o) = -o - 1. Let h be x(c). Let k(j) = -j**2 - 7*j + 2. Determine k(h).
8
Let a(w) = -w**2 - 13*w + 33. Let l be a(-15). Let c(z) = -14*z + l*z + 8*z. Determine c(-1).
3
Let s(q) = q**2 - 29*q + 61. Let p be s(27). Let x(h) = h**2 - 8*h + 3. Calculate x(p).
-4
Let f be -1*((6 - 1) + -2). Let w(u) = -2*u**2 - 5*u - 3. Let x be w(f). Let t(p) = -p**3 - 7*p**2 - 5*p + 4. What is t(x)?
-2
Let z(s) be the first derivative of s**4/4 + 2*s**3 + 6*s - 94. Give z(-6).
6
Let x(s) = 2*s**2 + 8. Let u be x(-3). Suppose -7*h + u = 5. Let g(i) = i**3 - 4*i**2 + 4*i - 4. Calculate g(h).
-1
Let x(n) = 70*n - 126*n + 57*n - 5. Let k(l) = -l**3 + 4*l**2 + 5*l + 6. Let p be k(5). Let q(r) = r - 3. Let a be q(p). Determine x(a).
-2
Let o(q) = 3*q**2 - 4*q + 2. Suppose 0 = 2*h - 6 + 20. Let z(v) = v**3 + 6*v**2 - 9*v + 9. Let w be z(h). Let x = w + -21. What is o(x)?
6
Let p(s) be the second derivative of s**5/20 + s**4/3 + 7*s**3/6 + 2*s**2 - 2*s. Let m = 77 + -81. Calculate p(m).
-24
Let l(k) = -2*k - 40. Let w(o) be the third derivative of -o**4/24 - 19*o**3/6 + o**2 - 18. Let x(z) = 3*l(z) - 7*w(z). What is x(-9)?
4
Let b be (0 + -3 + 7)*2. Suppose -18*v - b = -14*v. Let k be v/(6/9)*3. Let h(w) = w**3 + 8*w**2 - 9*w - 6. Give h(k).
-6
Suppose 0*q - 2 = q. Let y(i) = i - 1. Let w(h) = -5*h + 4. Let n(r) = r**2 + 20*r + 49. Let p be n(-17). Let d(s) = p*w(s) - 9*y(s). Give d(q).
-1
Let k(i) = -2*i**2 + 12*i - 10. Suppose 0 = -60*w + 90*w - 240. Determine k(w).
-42
Let q(z) = 36*z + 463. Let o be q(-13). Let b(v) = -v**2 + 8*v + 4. What is b(o)?
-61
Let m(a) be the third derivative of a**5/60 + a**4/3 + a**3/3 - 125*a**2. Suppose -2*s - 18 = o + 2*s, -4*s - 12 = 0. Give m(o).
-10
Let o(y) = 11*y**2 - 15*y - 2. Let t(v) = -3*v**2. Let b(q) = o(q) + 3*t(q). Calculate b(7).
-9
Suppose 38*h - 639 = 109*h. Let u(k) = 5*k + 42. Determine u(h).
-3
Let o(v) be the second derivative of v**6/120 + v**5/12 + v**4/24 + 7*v**3/6 + 3*v**2/2 - v. Let c(l) be the first derivative of o(l). Calculate c(-5).
2
Let t(j) = j + 1. Suppose -6 = 5*w - 4*b + 28, 2*b = 2*w + 12. Let q be (2/3)/(w/45). Let u = q + 5. Calculate t(u).
3
Let f be (0/(-3) + 0)/(-3). Suppose f = 6*i - 12 - 6. Let t(s) = i + 0 - 2*s - 4. What is t(-3)?
5
Let t(q) = -q**2 + q + 11. Let s(f) = 3*f**2 - 11*f - 33. Let n(z) = -s(z) - 2*t(z). Determine n(10).
1
Let s(l) = -3*l + 18. Let b be s(11). Let g(d) = d**2 + 16*d + 11. What is g(b)?
-4
Let c be 1 + -1 - (-5)/(-1). Suppose -2*h = -3*n + 17, 5*n + 3 - 22 = h. Let m(w) = 7 - n + 0 + 2*w. Give m(c).
-6
Let p 